 5*o + 2550 = 0. What are the prime factors of d?
2, 3, 5, 17
What are the prime factors of ((-6)/(-1))/(-1) + 2145 + 135?
2, 3, 379
Let i be (-2 - -1) + (-1 - -12) + -1. Suppose 0 = i*m - 0*m - 1413. What are the prime factors of m?
157
Let g = 3 + 2. Suppose 4*f - 2*s - 224 = s, 0 = -g*f + 2*s + 280. List the prime factors of f.
2, 7
Let i = 5 + -17. Let o be 42/i*4/(-7). Suppose 147 = 3*k + 3*p, -3*p + o*p = -2*k + 83. List the prime factors of k.
2, 11
Suppose r = -5*b + 2566, 146 - 2214 = -4*b + 3*r. What are the prime factors of b?
2, 257
Let i(p) be the third derivative of p**4/6 - p**3 + 4*p**2. Let y be i(4). What are the prime factors of y*(-4)/16*-8?
2, 5
What are the prime factors of (7/(-3))/7*(-4 - 1814)?
2, 3, 101
Let y(n) = 152*n - 38. List the prime factors of y(5).
2, 19
List the prime factors of (-217 - 2)*(3/(-9) - 0).
73
Let m(i) = -9*i + 25. Let z(o) be the third derivative of 5*o**4/24 - 2*o**3 - 8*o**2. Let g(d) = 6*m(d) + 11*z(d). List the prime factors of g(-8).
2, 5
Suppose -4*k + 22 = -2*g + 4*g, -5*g = -k - 11. Suppose -5*w - 4*c = -9, c = g*w - c - 23. Suppose -w*a = -a - 112. What are the prime factors of a?
2, 7
Let q(y) = -3*y + 6. Let h be 1*-2*15/2. Let g be (25/h)/((-1)/(-3)). What are the prime factors of q(g)?
3, 7
Let c(s) = -s**3 - 14*s**2 - 14*s - 10. Let w be c(-13). Suppose -3*f + 119 = 2*a + 3*a, 0 = w*a + 6. What are the prime factors of f?
43
Suppose 0 = -37*c + 172 + 383. List the prime factors of c.
3, 5
Suppose 2 = p + 5, -3*m - 3*p - 3 = 0. Suppose -4*h = 3*y - 2, 0 = -3*y - m - 4. List the prime factors of 62 - (2 + 2 - h).
2, 3, 5
Suppose u + 3*f = 98, 0*f - 184 = -2*u - 3*f. Let x = u + -47. What are the prime factors of x?
3, 13
Let a(i) = i**2 + 11*i - 7. Let c be a(6). Let h = c + 6. What are the prime factors of h?
101
Suppose -4*u + 13*u - 54 = 0. What are the prime factors of (-38*(3 + -1))/(-8 + u)?
2, 19
Suppose 4*f + 159 - 919 = -3*i, 3*f + 2*i = 570. Suppose 0 = b - 5*b + 2*g + 170, 5*b = -5*g + f. What are the prime factors of b?
41
Let v(n) = 2*n. Let y(a) = 2*a - 11. Let u be y(10). Let q be v(u). Suppose w - q = -2*w. List the prime factors of w.
2, 3
Suppose 0 = -7*k + 2068 + 2986. What are the prime factors of k?
2, 19
Suppose 2*r - 5*p - 2400 = 0, -2*r + 4824 = 2*r + 2*p. List the prime factors of r.
5, 241
Suppose 4*i = 5*l - 2*l + 21, l = 5*i - 18. Suppose 10*a - 315 = i*a. List the prime factors of a.
3, 5
What are the prime factors of (5 - 9 - -2)*-104?
2, 13
Let i(d) be the second derivative of d**4/12 - d**2/2 - 2*d. Let b be i(0). What are the prime factors of b + ((-6)/(-2) - -4)?
2, 3
Suppose 2*s - 6800 = -5*q, 1360 = q + 21*s - 17*s. List the prime factors of q.
2, 5, 17
Suppose 3*f - 62 = -w, 5*f - 4*w = -3*w + 98. Suppose 2*m - 4*j - 168 = 0, -4*j = -m + f + 74. List the prime factors of m.
2, 37
Let r(d) = 5*d + 2. Let p be r(2). Let x = p + -2. List the prime factors of 266/30 + x/75.
3
Let j(d) be the first derivative of d**5/30 - d**4/8 - 4*d**3/3 - 9*d**2/2 - 7. Let h(y) be the second derivative of j(y). List the prime factors of h(6).
2, 23
Suppose -3*o - 21 = -6*o. Suppose -3*n - 3*s + o = -2, 3*s + 5 = -n. List the prime factors of n.
7
Let w = -77 - 30. Let v = -1 - w. What are the prime factors of v?
2, 53
Let i(g) = 11*g + 11. Let q be i(5). Suppose 0 = d - 32 - q. Suppose 13*k = 6*k + d. What are the prime factors of k?
2, 7
Let c be (-8)/2 + (15 - 11). Suppose c - 16 = -4*z. Suppose z*x + 2*w = 3*x + 27, -62 = -x + 5*w. List the prime factors of x.
37
Let f = -514 + 1245. Suppose -3*m = -j - f, -127 = -m + 5*j + 126. List the prime factors of m.
3
Suppose -5 + 4 = i, 0 = -2*c + 4*i + 2064. List the prime factors of c.
2, 5, 103
Let u be (-54)/90*(-86 + 1). Suppose -u = -4*m + 93. List the prime factors of m.
2, 3
Let w = 4438 - 1300. What are the prime factors of w?
2, 3, 523
Suppose 0 = 2*v + 4*c - 2554, 4*v - 102*c - 5043 = -97*c. List the prime factors of v.
7, 181
Let b be 2/2*-1*-2. Suppose 2*h + 5*c = 104, -5*h + b*h - 2*c = -178. List the prime factors of h.
2, 31
Let n be 3 + 1/2 + (-4)/8. Let m(o) = 18*o + 23. What are the prime factors of m(n)?
7, 11
Suppose 39492 = 65*a - 86478. What are the prime factors of a?
2, 3, 17, 19
Suppose -5*k - 7*d = -3*d + 146, -3*d - 64 = 2*k. Let u = k - -29. Suppose -y + 16 = b, -4*b + y + 8 = -u*b. List the prime factors of b.
2, 3
Let g = 7 + -4. Let u = g - -13. List the prime factors of u.
2
Let y(s) = -s - 5. Let n be y(7). Let q = 17 + n. Suppose 160 = q*f - 0*f. What are the prime factors of f?
2
Let c(y) = 525*y + 20. What are the prime factors of c(2)?
2, 5, 107
Suppose 0 = -5*j + 2*w + 15, 0*w + w - 20 = -3*j. Suppose 0 = 2*x - j*m + 141, -2*x - 63 = 3*m + 38. Let c = -17 - x. What are the prime factors of c?
41
Let s = 835 - 205. List the prime factors of s.
2, 3, 5, 7
Suppose -34*o + 2165 = -33*o. List the prime factors of o.
5, 433
Let l(y) = -729*y - 192. List the prime factors of l(-5).
3, 1151
Let w(i) = 2*i**3 + 4*i**2 - 4*i + 2. Let t be w(3). Suppose 0 = -3*v + 8*v - t. List the prime factors of v.
2
Let h = -2170 + 4154. What are the prime factors of h?
2, 31
Let f be -3 + (-70)/(-22) - 258/(-33). Suppose f = 5*j + 33, 0 = 4*u - 3*j - 443. What are the prime factors of u?
107
Suppose 0 = 20*j - 52974 + 17854. List the prime factors of j.
2, 439
Suppose 3*x + 22*x - 44350 = 0. List the prime factors of x.
2, 887
Let u(a) = a**2 + 2*a + 3. Let h be u(-2). Let d be (-4)/(-3)*(-3)/(-1). Suppose 5*x - 71 = d*b + 17, h*b = -2*x + 49. List the prime factors of x.
2, 5
Let d = 261 + 186. List the prime factors of d.
3, 149
Suppose r = 5*r - 596. Let c = -74 + r. Suppose 2*l = -l + c. List the prime factors of l.
5
Suppose 0 = 3*w - w - 6. Suppose w = g - 1. Suppose -15 + 43 = g*k. List the prime factors of k.
7
Let c(b) be the second derivative of -b**5/20 + 7*b**4/12 - b**3/3 - b**2 + 5*b. Let m be c(7). What are the prime factors of 69/12 - 4/m?
2, 3
Suppose -4*n + 0*n = -2*q, 5*q = -5*n + 15. Suppose -3*s = q*o - 143, -73 = o - 2*o - 2*s. What are the prime factors of o?
67
Let f(c) = 6*c**2 + 15*c - 159. List the prime factors of f(7).
2, 3, 5
Suppose 2590 = -4*z + 11*z. List the prime factors of z.
2, 5, 37
Let l = 432 - -18. List the prime factors of l.
2, 3, 5
List the prime factors of (23 + -30)*(-1 - 73).
2, 7, 37
Suppose -11*s + 2669 + 2094 = 0. What are the prime factors of s?
433
Suppose g - 3*g + 968 = -2*d, 1456 = 3*g - 4*d. List the prime factors of g.
2, 3, 5
Let y(k) = 303*k + 305. What are the prime factors of y(6)?
11, 193
Suppose 0 = -5*w - 0*w. Suppose -5*i + 6*l - 3*l = -5, 3*i + 4*l - 3 = w. List the prime factors of -39*1/(i/(-1)).
3, 13
Suppose 0 = -17*c + 14650 + 12822. What are the prime factors of c?
2, 101
What are the prime factors of (2*25/(-30))/((-3)/972)?
2, 3, 5
Suppose -2*h + 121 = 63. Suppose -1593 = -h*w + 20*w. List the prime factors of w.
3, 59
Suppose -50 + 302 = 21*i. What are the prime factors of i?
2, 3
Suppose 5*i + 3*v - 18 = 0, -2*i + v - 4*v + 9 = 0. Let g be (-12)/(-8)*4/i. Suppose 3*w - 235 = -g*w. List the prime factors of w.
47
Let t(v) be the first derivative of 2*v**2 + 7 + 0*v + v + v. List the prime factors of t(6).
2, 13
Suppose -1643 = -3*l + 5*w, -1603 = -3*l - 0*w - 5*w. List the prime factors of l.
541
Let a = 16 - 4. Suppose 0 = 4*b - 104 - a. What are the prime factors of b?
29
Suppose -5*r - 139 = -17849. What are the prime factors of r?
2, 7, 11, 23
Let u be ((-57)/(-2))/(-3*(-1)/(-12)). Let s = 244 + u. What are the prime factors of s?
2, 5, 13
What are the prime factors of 4 + (-3)/2 + 5342/4?
2, 3, 223
Let b = -687 - -1197. What are the prime factors of b?
2, 3, 5, 17
Let l(h) = h + 2. Let a be l(-8). Let v be ((-3)/a)/((-1)/(-22)). Suppose 5*m + v = 96. What are the prime factors of m?
17
Suppose -1602 = -4*o + 2*t, 4*o - 4*t - 2404 = -792. List the prime factors of o.
2, 199
Suppose l - 534 = 112. List the prime factors of l.
2, 17, 19
Let f(x) = -6*x - 4. Suppose 0*b + 4*b = -24. Let i(p) = -p**2 - 5*p + 2. Let c be i(b). List the prime factors of f(c).
2, 5
Let k = -3 + 7. Suppose -6 = n - 3*s, 4 + 4 = 4*s. Suppose n = y + k*y - 25. List the prime factors of y.
5
Suppose -126*u + 113*u = -7306. What are the prime factors